hat is the greatest common factor of l and 352?
44
Let k(o) = -6*o + 104. Let a be k(10). Calculate the highest common divisor of 44 and a.
44
Let x = 8 + 0. Suppose -30*o + 670 + 1490 = 0. What is the greatest common factor of x and o?
8
Let d(b) be the third derivative of b**5/60 - b**4/6 - 4*b**3/3 + b**2. Let n be d(6). Suppose 24 = -n*v + 5*v. What is the highest common factor of 3 and v?
3
Suppose 4*o = 2*i + 256 + 294, -4*i + 520 = 4*o. Calculate the greatest common divisor of o and 18.
9
Let i(t) = t**3 - 6*t**2 - 16*t + 17. Let u be i(8). What is the highest common divisor of u and 1?
1
Let p = 209 + -50. Suppose -5*i = 19 - p. Calculate the highest common divisor of i and 7.
7
Suppose 4*r - 88 = -4*j, -2*r + 5*r = -4*j + 65. Let h be 2 + (-2 - -2) + 251. Calculate the greatest common divisor of h and r.
23
Suppose 3*u = -9, -4*r + 0*u + 5*u = -3. Let a be r/(-5) + 235/25. Let g(t) = -t - 1. Let c be g(-6). Calculate the highest common factor of c and a.
5
Let s(d) = -39*d - 47. Let j be s(-2). Calculate the greatest common factor of 496 and j.
31
Suppose 2*c - 4*u = 704, c + u - 358 = -0*c. What is the greatest common divisor of 4 and c?
4
Suppose -92*k = -131*k + 138996. Calculate the highest common factor of 132 and k.
132
Suppose 30 = -7*y + 79. Calculate the highest common divisor of y and 63.
7
Suppose 2*j - 18 = -12. Suppose 0 = -a - j*g + 105, -4 = -g - 1. Let x(h) = 2*h**2 - h + 2. Let s be x(-2). What is the greatest common divisor of a and s?
12
Suppose -2*l = -l - 41. Suppose -l = -3*d + 7. Let z = 665 + -553. Calculate the greatest common divisor of z and d.
16
Let n = -158 - -167. Calculate the greatest common factor of n and 162.
9
Suppose 2*f = -3*f - 245. Let g = f + 449. Suppose -18*x - g = -20*x. Calculate the greatest common divisor of 80 and x.
40
Let v = -19 - -23. Suppose -26 + 1 = -t - v*u, -3*u = 5*t - 40. Calculate the highest common divisor of t and 35.
5
Let s = 89 - 89. Suppose 2*o + 6 - 46 = s. What is the greatest common factor of o and 180?
20
Let f be -7 + 46 + 2 + 7. Suppose -5*i + n + 77 = 2*n, 4*n - 68 = -5*i. What is the highest common factor of f and i?
16
Let c(d) = -d**3 - d**2 + 84*d + 56. Let b be c(9). Suppose 0 = -5*a - 28 + 108. What is the greatest common factor of a and b?
2
Let m be (-23)/(-4) - (4 + 68/(-16)). Let i be 8 - (-1 - -1 - 6/m). What is the highest common divisor of 6 and i?
3
Suppose -3*t + 4*t - 1 = -4*b, t = -5*b + 2. Let l = b + 1. Suppose 0 = -l*i + 4*i - 6. Calculate the greatest common factor of 21 and i.
3
Suppose -479*q - 1323 = -500*q. What is the greatest common divisor of 42 and q?
21
Suppose -65*v + 42*v = -690. Calculate the highest common divisor of v and 18.
6
Let v = -36 - -44. Let z be (-76)/(-7)*28/v. Calculate the highest common factor of z and 76.
38
Let s(m) = -207*m - 2. Let z be s(-1). What is the highest common divisor of 123 and z?
41
Let h(a) = -6*a - 10. Let r be h(3). Let q = r - -33. What is the greatest common divisor of q and 20?
5
Let q = 4 - 9. Let k be -4 + 5 - (q - 0). Let p = k + -4. Calculate the highest common factor of 18 and p.
2
Suppose 2*i - 47 = -11. Calculate the greatest common factor of 837 and i.
9
Let c(u) = u**3 + 6*u**2 - 49*u + 1. Let v be c(-10). Calculate the highest common divisor of 104 and v.
13
Let q = 9 - 4. Let o(w) be the first derivative of 3*w**2 - 2*w - 1. Let s be o(q). What is the greatest common divisor of 14 and s?
14
Let t(a) = 13*a**2 - a - 3. Let h be t(-2). Suppose 10*r + h = 291. What is the highest common divisor of r and 32?
8
Let n = 31 + -35. Let r be 22/(n/8*-1). What is the greatest common divisor of r and 11?
11
Suppose -12*i + 181 = -215. What is the highest common factor of 55 and i?
11
Suppose x - 4*l + 1 = 0, -37 = 3*x - l + 6*l. Let p be 120/4*(-3)/x. Calculate the highest common factor of p and 90.
10
Let j be 2/(-3) + 3920/48. What is the highest common divisor of 54 and j?
27
Let j(q) = -q**3 + 5*q**2 + 7*q - 3. Let s be j(6). Suppose -s*a + 11 = -5*z, 0*a - 38 = -4*a + 2*z. What is the highest common divisor of a and 36?
12
Suppose 0 = 2*m + m - 129. Let p = m + -30. What is the greatest common divisor of 26 and p?
13
Suppose -2*c - 13360 = -5*z, -2*z + 7830 = 2*c + 2472. What is the greatest common factor of z and 14?
14
Suppose 39*s - 4440 = -1632. Let r = -4 + 12. What is the greatest common divisor of r and s?
8
Let w = -15 - -14. Let i be (-27)/(4/(-7 + w)). Let d(f) = 6*f + 6. Let m be d(2). What is the highest common factor of m and i?
18
Let u = 21 - 4. Suppose 48 = -u*f + 21*f. Let i be (0 - (-4)/f)*66. Calculate the highest common factor of 33 and i.
11
Let j(c) = c**2 + 4*c - 5. Let q be j(-9). Suppose -40*d + 45*d - q = 0. Let z = 6 - 2. What is the greatest common factor of z and d?
4
Let h = -19 + 29. Let d = 22 - h. What is the highest common factor of d and 60?
12
Let m = -26 + 29. Suppose 4*y = -d + 15, 0 = 3*d + m*y - 0*y - 36. What is the highest common divisor of 22 and d?
11
Let k(l) = l**3 - 35*l**2 + 97*l - 3. Let n be k(32). What is the greatest common factor of n and 1?
1
Let b(q) = 2*q + 2. Let j be b(0). Suppose s - 2*r + 15 = j*s, -8 = -2*r. Calculate the highest common factor of s and 28.
7
Let g = 32 - -454. What is the highest common divisor of g and 54?
54
Let p be -4 + (-72)/(-8) - -1. What is the highest common divisor of p and 582?
6
Let u = 173 + 403. What is the highest common factor of u and 24?
24
Suppose j - 2*c + 41 = 0, j = 4*c - 56 + 5. Let f = j + 38. Calculate the greatest common factor of 35 and f.
7
Let k = 173 - 164. What is the highest common factor of 288 and k?
9
Suppose 928 = 6*g + 70. Let y = g - -64. What is the highest common divisor of y and 23?
23
Let g(m) = -1 + 24 + 3 - 9 - 3*m. Let u be g(4). Suppose 210 = u*p - 1220. Calculate the greatest common factor of p and 26.
26
Suppose 6*c = 3*c - m + 843, -1412 = -5*c - 4*m. Calculate the highest common divisor of 70 and c.
70
Let b = 2 + -1. Let a(p) be the first derivative of p**2/2 + 9*p - 7. Let h be a(-7). What is the highest common factor of h and b?
1
Let w = 139 + 237. What is the greatest common factor of w and 47?
47
Let z = 267 - 258. What is the highest common divisor of 153 and z?
9
Suppose 40*n - 41*n = -9. What is the highest common divisor of 4 and n?
1
Suppose 5*p - 2*p = 12. Suppose -4*y - 4 = -8*w + 3*w, -p*y - 5*w = -36. What is the highest common factor of 2 and y?
2
Suppose -n - 4*n + 111 = -3*m, 2*n = m + 45. Let d(z) = -3*z**2 - 4*z + 4. Let j be d(-4). Let s = j + 31. Calculate the greatest common divisor of s and n.
3
Suppose -26*j + 22*j = -20. Suppose -5*g = -4*z + 31, -j*z + 6*g + 41 = 2*g. Calculate the greatest common factor of 9 and z.
9
Let z be (-2103)/6*-2 + -1. Suppose -19*r + 14*r + z = 0. What is the highest common divisor of 10 and r?
10
Suppose 2*f - 2*r = 0, -3*f - r - 3*r = 0. Suppose 6*p - 11 - 13 = f. Suppose p*s - 30 = -2*s. Calculate the greatest common divisor of 10 and s.
5
Let d(n) = -3*n. Let r(c) = 30*c. Let w(l) = 36*d(l) + 3*r(l). Let k be w(-8). Let a = -60 + k. Calculate the greatest common factor of a and 21.
21
Let u be (-9620)/150 - (-2)/15. Let q = -40 - u. What is the greatest common divisor of 3 and q?
3
Let f be (5160/(-1204))/((-2)/189). Calculate the highest common divisor of 75 and f.
15
Suppose -3*q + 4*q - 2*r = 478, 2*q = -4*r + 948. What is the highest common divisor of 28 and q?
28
Suppose -1058 = -7*w + 1077. Calculate the greatest common factor of w and 15.
5
Suppose 3024 = -3*o + 31*o. Suppose 7 + 5 = c. Calculate the highest common factor of c and o.
12
Let h(p) = p**3 - 6*p**2 - 7*p - 3. Let i be h(7). Let x = i + 11. Suppose 4*g - x = -3*u, -4*u - 4 = -3*g + 2. Calculate the highest common divisor of g and 4.
2
Suppose 0 = -4*j + 65 + 403. Let y be ((-1)/(-1))/(424/104 + -4). What is the greatest common divisor of j and y?
13
Let a = 101 + -17. Let z = -41 - -53. What is the highest common divisor of z and a?
12
Suppose -6*t = -9*t + 1311. Calculate the highest common factor of t and 23.
23
Let s be 239 + (-13)/((-13)/3). Calculate the highest common factor of s and 88.
22
Let b be 27/9 + 46/2. Suppose i - 62 = b. Let t be 4856/i + 2/(-11). What is the greatest common factor of t and 5?
5
Let r(g) = 0 + 0 +